{"id":841,"date":"2024-04-18T11:42:18","date_gmt":"2024-04-18T09:42:18","guid":{"rendered":"https:\/\/www.feketezaj.hu\/?page_id=841"},"modified":"2026-04-24T16:46:36","modified_gmt":"2026-04-24T14:46:36","slug":"palyazatok","status":"publish","type":"page","link":"https:\/\/www.feketezaj.hu\/en\/palyazatok\/","title":{"rendered":"\u2022 2026 P\u00c1LY\u00c1ZATOK"},"content":{"rendered":"<div data-elementor-type=\"wp-page\" data-elementor-id=\"841\" class=\"elementor elementor-841\" data-elementor-post-type=\"page\">\n\t\t\t\t<div class=\"elementor-element elementor-element-8b5de2d e-con-full e-flex e-con e-child\" data-id=\"8b5de2d\" data-element_type=\"container\" data-e-type=\"container\" data-settings=\"{&quot;background_background&quot;:&quot;classic&quot;}\">\n\t\t\t\t<div class=\"elementor-element elementor-element-088f789 elementor-widget elementor-widget-heading\" data-id=\"088f789\" data-element_type=\"widget\" data-e-type=\"widget\" data-widget_type=\"heading.default\">\n\t\t\t\t<div class=\"elementor-widget-container\">\n\t\t\t\t\t<h1 class=\"elementor-heading-title elementor-size-default\">Applications<\/h1>\t\t\t\t<\/div>\n\t\t\t\t<\/div>\n\t\t\t\t<\/div>\n\t\t<div class=\"elementor-element elementor-element-d65c352 e-flex e-con-boxed e-con e-parent\" data-id=\"d65c352\" data-element_type=\"container\" data-e-type=\"container\" data-settings=\"{&quot;background_background&quot;:&quot;classic&quot;}\">\n\t\t\t\t\t<div class=\"e-con-inner\">\n\t\t<div class=\"elementor-element elementor-element-b145331 e-con-full e-flex e-con e-child\" data-id=\"b145331\" data-element_type=\"container\" data-e-type=\"container\">\n\t\t<div class=\"elementor-element elementor-element-93d28f8 e-con-full e-flex e-con e-child\" data-id=\"93d28f8\" data-element_type=\"container\" data-e-type=\"container\" data-settings=\"{&quot;background_background&quot;:&quot;slideshow&quot;,&quot;background_slideshow_gallery&quot;:[],&quot;background_slideshow_loop&quot;:&quot;yes&quot;,&quot;background_slideshow_slide_duration&quot;:5000,&quot;background_slideshow_slide_transition&quot;:&quot;fade&quot;,&quot;background_slideshow_transition_duration&quot;:500}\">\n\t\t\t\t<div class=\"elementor-element elementor-element-78986f2 elementor-widget elementor-widget-heading\" data-id=\"78986f2\" data-element_type=\"widget\" data-e-type=\"widget\" data-widget_type=\"heading.default\">\n\t\t\t\t<div class=\"elementor-widget-container\">\n\t\t\t\t\t<h3 class=\"elementor-heading-title elementor-size-default\">Off Programs Application<\/h3>\t\t\t\t<\/div>\n\t\t\t\t<\/div>\n\t\t\t\t<div class=\"elementor-element elementor-element-55c55e8 elementor-widget elementor-widget-text-editor\" data-id=\"55c55e8\" data-element_type=\"widget\" data-e-type=\"widget\" data-widget_type=\"text-editor.default\">\n\t\t\t\t<div class=\"elementor-widget-container\">\n\t\t\t\t\t\t\t\t\t<div dir=\"auto\"><p>We warmly welcome program proposals for Fekete Zaj 2026 from any creative artist or collective who feels they could entertain the Zaj community with a program that fits the festival\u2019s spirit during the pre-concert time slots.<\/p><p>Just like last year, we would once again like to provide space for civil and cultural organizations, as social engagement remains an important value for the festival.<\/p><\/div><p dir=\"ltr\">This year, our focus turns toward creators and artisans. We would like to enrich the festival with a \u201cFekete Piac\u201d (\u201cBlack Market\u201d), where makers will have the opportunity to sell their products every day. In addition to the market, we also plan to further develop the festival\u2019s inner area with installations, for which we are seeking works under the theme \u201cBels\u0151 Zaj\u201d (\u201cInner Noise\u201d).\n\nWe are looking for creators and artisans who can add color to the festival through workshops, talks, exhibitions, and installations.<b><br \/><\/b><br \/>Our goal is to create a meaningful, shared experience for Zaj visitors.<\/p><p dir=\"ltr\"><b>Application deadline: January 11, 2026, 11:00 PM<\/b><\/p><p dir=\"ltr\"><span style=\"color: #ff0000;\"><strong>The application deadline has passed. We are no longer accepting applications. We expect to reopen the applications for 2027 during the fall of 2026. Keep an eye on our page!<\/strong><\/span><\/p>\t\t\t\t\t\t\t\t<\/div>\n\t\t\t\t<\/div>\n\t\t\t\t<\/div>\n\t\t\t\t<div class=\"elementor-element elementor-element-dc818c0 elementor-align-center elementor-widget elementor-widget-button\" data-id=\"dc818c0\" data-element_type=\"widget\" data-e-type=\"widget\" data-widget_type=\"button.default\">\n\t\t\t\t<div class=\"elementor-widget-container\">\n\t\t\t\t\t\t\t\t\t<div class=\"elementor-button-wrapper\">\n\t\t\t\t\t<a class=\"elementor-button elementor-size-sm\" role=\"button\">\n\t\t\t\t\t\t<span class=\"elementor-button-content-wrapper\">\n\t\t\t\t\t\t\t\t\t<span class=\"elementor-button-text\">APPLICATIONS CLOSED<\/span>\n\t\t\t\t\t<\/span>\n\t\t\t\t\t<\/a>\n\t\t\t\t<\/div>\n\t\t\t\t\t\t\t\t<\/div>\n\t\t\t\t<\/div>\n\t\t\t\t<\/div>\n\t\t\t\t\t<\/div>\n\t\t\t\t<\/div>\n\t\t<div class=\"elementor-element elementor-element-904315e e-flex e-con-boxed e-con e-parent\" data-id=\"904315e\" data-element_type=\"container\" data-e-type=\"container\" data-settings=\"{&quot;background_background&quot;:&quot;classic&quot;}\">\n\t\t\t\t\t<div class=\"e-con-inner\">\n\t\t<div class=\"elementor-element elementor-element-4671211 e-con-full e-flex e-con e-child\" data-id=\"4671211\" data-element_type=\"container\" data-e-type=\"container\">\n\t\t<div class=\"elementor-element elementor-element-fed0fa5 e-con-full e-flex e-con e-child\" data-id=\"fed0fa5\" data-element_type=\"container\" data-e-type=\"container\" data-settings=\"{&quot;background_background&quot;:&quot;slideshow&quot;,&quot;background_slideshow_gallery&quot;:[],&quot;background_slideshow_loop&quot;:&quot;yes&quot;,&quot;background_slideshow_slide_duration&quot;:5000,&quot;background_slideshow_slide_transition&quot;:&quot;fade&quot;,&quot;background_slideshow_transition_duration&quot;:500}\">\n\t\t\t\t<div class=\"elementor-element elementor-element-b18d5f9 elementor-widget elementor-widget-heading\" data-id=\"b18d5f9\" data-element_type=\"widget\" data-e-type=\"widget\" data-widget_type=\"heading.default\">\n\t\t\t\t<div class=\"elementor-widget-container\">\n\t\t\t\t\t<h3 class=\"elementor-heading-title elementor-size-default\">Artist Application<\/h3>\t\t\t\t<\/div>\n\t\t\t\t<\/div>\n\t\t\t\t<\/div>\n\t\t\t\t<div class=\"elementor-element elementor-element-85c3476 elementor-widget elementor-widget-text-editor\" data-id=\"85c3476\" data-element_type=\"widget\" data-e-type=\"widget\" data-widget_type=\"text-editor.default\">\n\t\t\t\t<div class=\"elementor-widget-container\">\n\t\t\t\t\t\t\t\t\t<div dir=\"auto\"><p>For next summer\u2019s Fekete Zaj, we\u2019re looking for acts that dare to be different: from the deepest layers of the underground to the most unique experiments, from dark melodies to strangely beautiful sounds, we welcome your applications!<\/p><p>We especially encourage you to prepare sets tailored for Zaj, as well as special collaborations \u2013 these will be given priority during the selection!<\/p><p>If you feel your music could truly find its home in the forests of the M\u00e1tra, apply via the link below! Every submission will be listened to.<\/p><\/div><div dir=\"auto\"><b>Application deadline: November 15, 2025, 11:59 PM<\/b><\/div><div dir=\"auto\">\u00a0<\/div><div dir=\"auto\"><span style=\"color: #ff0000;\"><b>The application deadline has passed. We are no longer accepting applications. We expect to reopen the applications for 2027 during the fall of 2026. Keep an eye on our page!\u00a0<\/b><\/span><\/div>\t\t\t\t\t\t\t\t<\/div>\n\t\t\t\t<\/div>\n\t\t\t\t<div class=\"elementor-element elementor-element-79394c9 elementor-align-center elementor-widget elementor-widget-button\" data-id=\"79394c9\" data-element_type=\"widget\" data-e-type=\"widget\" data-widget_type=\"button.default\">\n\t\t\t\t<div class=\"elementor-widget-container\">\n\t\t\t\t\t\t\t\t\t<div class=\"elementor-button-wrapper\">\n\t\t\t\t\t<a class=\"elementor-button elementor-size-sm\" role=\"button\">\n\t\t\t\t\t\t<span class=\"elementor-button-content-wrapper\">\n\t\t\t\t\t\t\t\t\t<span class=\"elementor-button-text\">APPLICATIONS CLOSED<\/span>\n\t\t\t\t\t<\/span>\n\t\t\t\t\t<\/a>\n\t\t\t\t<\/div>\n\t\t\t\t\t\t\t\t<\/div>\n\t\t\t\t<\/div>\n\t\t\t\t<\/div>\n\t\t\t\t\t<\/div>\n\t\t\t\t<\/div>\n\t\t\t\t<\/div>","protected":false},"excerpt":{"rendered":"<p>P\u00e1ly\u00e1zatok Off Program jelentkez\u00e9s Szeretettel v\u00e1rjuk a 2026-os Fekete Zajra minden olyan kreat\u00edv alkot\u00f3 vagy alkot\u00f3csoport programaj\u00e1nl\u00f3j\u00e1t, akik \u00fagy \u00e9rzik, hogy a koncertek el\u0151tti id\u0151s\u00e1vokban a fesztiv\u00e1l szellemis\u00e9g\u00e9hez ill\u0151 programmal sz\u00edvesen sz\u00f3rakoztatn\u00e1k a Zaj k\u00f6z\u00f6ns\u00e9g\u00e9t. A tavalyi \u00e9vhez hasonl\u00f3an id\u00e9n isszeretn\u00e9nk teret biztos\u00edtani a civil \u00e9s kultur\u00e1lis egyes\u00fcleteknek, a fesztiv\u00e1lnak tov\u00e1bbra is fontos a t\u00e1rsadalmi [&hellip;]<\/p>","protected":false},"author":1,"featured_media":0,"parent":0,"menu_order":0,"comment_status":"closed","ping_status":"closed","template":"elementor_canvas","meta":{"_et_pb_use_builder":"","_et_pb_old_content":"","_et_gb_content_width":"","footnotes":""},"class_list":["post-841","page","type-page","status-publish","hentry"],"_links":{"self":[{"href":"https:\/\/www.feketezaj.hu\/en\/wp-json\/wp\/v2\/pages\/841","targetHints":{"allow":["GET"]}}],"collection":[{"href":"https:\/\/www.feketezaj.hu\/en\/wp-json\/wp\/v2\/pages"}],"about":[{"href":"https:\/\/www.feketezaj.hu\/en\/wp-json\/wp\/v2\/types\/page"}],"author":[{"embeddable":true,"href":"https:\/\/www.feketezaj.hu\/en\/wp-json\/wp\/v2\/users\/1"}],"replies":[{"embeddable":true,"href":"https:\/\/www.feketezaj.hu\/en\/wp-json\/wp\/v2\/comments?post=841"}],"version-history":[{"count":191,"href":"https:\/\/www.feketezaj.hu\/en\/wp-json\/wp\/v2\/pages\/841\/revisions"}],"predecessor-version":[{"id":5478,"href":"https:\/\/www.feketezaj.hu\/en\/wp-json\/wp\/v2\/pages\/841\/revisions\/5478"}],"wp:attachment":[{"href":"https:\/\/www.feketezaj.hu\/en\/wp-json\/wp\/v2\/media?parent=841"}],"curies":[{"name":"wp","href":"https:\/\/api.w.org\/{rel}","templated":true}]}}

• 2026 PÁLYÁZATOK

<div data-elementor-type="wp-page" data-elementor-id="841" class="elementor elementor-841" data-elementor-post-type="page">
				<div class="elementor-element elementor-element-8b5de2d e-con-full e-flex e-con e-child" data-id="8b5de2d" data-element_type="container" data-e-type="container" data-settings="{&quot;background_background&quot;:&quot;classic&quot;}">
				<div class="elementor-element elementor-element-088f789 elementor-widget elementor-widget-heading" data-id="088f789" data-element_type="widget" data-e-type="widget" data-widget_type="heading.default">
				<div class="elementor-widget-container">
					<h1 class="elementor-heading-title elementor-size-default">Applications</h1>				</div>
				</div>
				</div>
		<div class="elementor-element elementor-element-d65c352 e-flex e-con-boxed e-con e-parent" data-id="d65c352" data-element_type="container" data-e-type="container" data-settings="{&quot;background_background&quot;:&quot;classic&quot;}">
					<div class="e-con-inner">
		<div class="elementor-element elementor-element-b145331 e-con-full e-flex e-con e-child" data-id="b145331" data-element_type="container" data-e-type="container">
		<div class="elementor-element elementor-element-93d28f8 e-con-full e-flex e-con e-child" data-id="93d28f8" data-element_type="container" data-e-type="container" data-settings="{&quot;background_background&quot;:&quot;slideshow&quot;,&quot;background_slideshow_gallery&quot;:[],&quot;background_slideshow_loop&quot;:&quot;yes&quot;,&quot;background_slideshow_slide_duration&quot;:5000,&quot;background_slideshow_slide_transition&quot;:&quot;fade&quot;,&quot;background_slideshow_transition_duration&quot;:500}">
				<div class="elementor-element elementor-element-78986f2 elementor-widget elementor-widget-heading" data-id="78986f2" data-element_type="widget" data-e-type="widget" data-widget_type="heading.default">
				<div class="elementor-widget-container">
					<h3 class="elementor-heading-title elementor-size-default">Off Programs Application</h3>				</div>
				</div>
				<div class="elementor-element elementor-element-55c55e8 elementor-widget elementor-widget-text-editor" data-id="55c55e8" data-element_type="widget" data-e-type="widget" data-widget_type="text-editor.default">
				<div class="elementor-widget-container">
									<div dir="auto"><p>We warmly welcome program proposals for Fekete Zaj 2026 from any creative artist or collective who feels they could entertain the Zaj community with a program that fits the festival’s spirit during the pre-concert time slots.</p><p>Just like last year, we would once again like to provide space for civil and cultural organizations, as social engagement remains an important value for the festival.</p></div><p dir="ltr">This year, our focus turns toward creators and artisans. We would like to enrich the festival with a “Fekete Piac” (“Black Market”), where makers will have the opportunity to sell their products every day. In addition to the market, we also plan to further develop the festival’s inner area with installations, for which we are seeking works under the theme “Belső Zaj” (“Inner Noise”).

We are looking for creators and artisans who can add color to the festival through workshops, talks, exhibitions, and installations.<b><br /></b><br />Our goal is to create a meaningful, shared experience for Zaj visitors.</p><p dir="ltr"><b>Application deadline: January 11, 2026, 11:00 PM</b></p><p dir="ltr"><span style="color: #ff0000;"><strong>The application deadline has passed. We are no longer accepting applications. We expect to reopen the applications for 2027 during the fall of 2026. Keep an eye on our page!</strong></span></p>								</div>
				</div>
				</div>
				<div class="elementor-element elementor-element-dc818c0 elementor-align-center elementor-widget elementor-widget-button" data-id="dc818c0" data-element_type="widget" data-e-type="widget" data-widget_type="button.default">
				<div class="elementor-widget-container">
									<div class="elementor-button-wrapper">
					<a class="elementor-button elementor-size-sm" role="button">
						<span class="elementor-button-content-wrapper">
									<span class="elementor-button-text">APPLICATIONS CLOSED</span>
					</span>
					</a>
				</div>
								</div>
				</div>
				</div>
					</div>
				</div>
		<div class="elementor-element elementor-element-904315e e-flex e-con-boxed e-con e-parent" data-id="904315e" data-element_type="container" data-e-type="container" data-settings="{&quot;background_background&quot;:&quot;classic&quot;}">
					<div class="e-con-inner">
		<div class="elementor-element elementor-element-4671211 e-con-full e-flex e-con e-child" data-id="4671211" data-element_type="container" data-e-type="container">
		<div class="elementor-element elementor-element-fed0fa5 e-con-full e-flex e-con e-child" data-id="fed0fa5" data-element_type="container" data-e-type="container" data-settings="{&quot;background_background&quot;:&quot;slideshow&quot;,&quot;background_slideshow_gallery&quot;:[],&quot;background_slideshow_loop&quot;:&quot;yes&quot;,&quot;background_slideshow_slide_duration&quot;:5000,&quot;background_slideshow_slide_transition&quot;:&quot;fade&quot;,&quot;background_slideshow_transition_duration&quot;:500}">
				<div class="elementor-element elementor-element-b18d5f9 elementor-widget elementor-widget-heading" data-id="b18d5f9" data-element_type="widget" data-e-type="widget" data-widget_type="heading.default">
				<div class="elementor-widget-container">
					<h3 class="elementor-heading-title elementor-size-default">Artist Application</h3>				</div>
				</div>
				</div>
				<div class="elementor-element elementor-element-85c3476 elementor-widget elementor-widget-text-editor" data-id="85c3476" data-element_type="widget" data-e-type="widget" data-widget_type="text-editor.default">
				<div class="elementor-widget-container">
									<div dir="auto"><p>For next summer’s Fekete Zaj, we’re looking for acts that dare to be different: from the deepest layers of the underground to the most unique experiments, from dark melodies to strangely beautiful sounds, we welcome your applications!</p><p>We especially encourage you to prepare sets tailored for Zaj, as well as special collaborations – these will be given priority during the selection!</p><p>If you feel your music could truly find its home in the forests of the Mátra, apply via the link below! Every submission will be listened to.</p></div><div dir="auto"><b>Application deadline: November 15, 2025, 11:59 PM</b></div><div dir="auto"> </div><div dir="auto"><span style="color: #ff0000;"><b>The application deadline has passed. We are no longer accepting applications. We expect to reopen the applications for 2027 during the fall of 2026. Keep an eye on our page! </b></span></div>								</div>
				</div>
				<div class="elementor-element elementor-element-79394c9 elementor-align-center elementor-widget elementor-widget-button" data-id="79394c9" data-element_type="widget" data-e-type="widget" data-widget_type="button.default">
				<div class="elementor-widget-container">
									<div class="elementor-button-wrapper">
					<a class="elementor-button elementor-size-sm" role="button">
						<span class="elementor-button-content-wrapper">
									<span class="elementor-button-text">APPLICATIONS CLOSED</span>
					</span>
					</a>
				</div>
								</div>
				</div>
				</div>
					</div>
				</div>
				</div>

<p>Pályázatok Off Program jelentkezés Szeretettel várjuk a 2026-os Fekete Zajra minden olyan kreatív alkotó vagy alkotócsoport programajánlóját, akik úgy érzik, hogy a koncertek előtti idősávokban a fesztivál szellemiségéhez illő programmal szívesen szórakoztatnák a Zaj közönségét. A tavalyi évhez hasonlóan idén isszeretnénk teret biztosítani a civil és kulturális egyesületeknek, a fesztiválnak továbbra is fontos a társadalmi [&hellip;]</p>
