{"id":864,"date":"2024-04-08T15:01:15","date_gmt":"2024-04-08T13:01:15","guid":{"rendered":"https:\/\/www.feketezaj.hu\/?page_id=864"},"modified":"2026-03-10T12:17:21","modified_gmt":"2026-03-10T11:17:21","slug":"szocialis-tamogatas","status":"publish","type":"page","link":"https:\/\/www.feketezaj.hu\/en\/szocialis-tamogatas\/","title":{"rendered":"\u2022 2026 SZOCI\u00c1LIS T\u00c1MOGAT\u00c1S"},"content":{"rendered":"<div data-elementor-type=\"wp-page\" data-elementor-id=\"864\" class=\"elementor elementor-864\" data-elementor-post-type=\"page\">\n\t\t\t\t<div class=\"elementor-element elementor-element-5487975a e-con-full e-flex e-con e-child\" data-id=\"5487975a\" data-element_type=\"container\" data-e-type=\"container\" data-settings=\"{&quot;background_background&quot;:&quot;classic&quot;}\">\n\t\t\t\t<div class=\"elementor-element elementor-element-50ecabc elementor-widget elementor-widget-heading\" data-id=\"50ecabc\" data-element_type=\"widget\" data-e-type=\"widget\" data-widget_type=\"heading.default\">\n\t\t\t\t<div class=\"elementor-widget-container\">\n\t\t\t\t\t<h1 class=\"elementor-heading-title elementor-size-default\">Social Campaign<\/h1>\t\t\t\t<\/div>\n\t\t\t\t<\/div>\n\t\t\t\t<div class=\"elementor-element elementor-element-1923d6ab elementor-widget elementor-widget-heading\" data-id=\"1923d6ab\" data-element_type=\"widget\" data-e-type=\"widget\" data-widget_type=\"heading.default\">\n\t\t\t\t<div class=\"elementor-widget-container\">\n\t\t\t\t\t<h1 class=\"elementor-heading-title elementor-size-default\">\u2022<\/h1>\t\t\t\t<\/div>\n\t\t\t\t<\/div>\n\t\t\t\t<\/div>\n\t\t<div class=\"elementor-element elementor-element-348930d7 e-flex e-con-boxed e-con e-parent\" data-id=\"348930d7\" data-element_type=\"container\" data-e-type=\"container\" data-settings=\"{&quot;background_background&quot;:&quot;classic&quot;}\">\n\t\t\t\t\t<div class=\"e-con-inner\">\n\t\t\t\t<div class=\"elementor-element elementor-element-7c080fd4 elementor-widget elementor-widget-text-editor\" data-id=\"7c080fd4\" data-element_type=\"widget\" data-e-type=\"widget\" data-widget_type=\"text-editor.default\">\n\t\t\t\t<div class=\"elementor-widget-container\">\n\t\t\t\t\t\t\t\t\t<p><strong>NO SUMMER SHOULD BE WITHOUT NOISE!<\/strong><\/p><p>We are launching our Social Campaign again this year, to support all members of the community who would otherwise have to stay at home due to financial considerations.<\/p><div dir=\"auto\"><strong>Application deadline: 20 July 2025. 20:00<\/strong><\/div><div dir=\"auto\">\u00a0<\/div><div dir=\"auto\">Submitted applications will be continuously evaluated within a few working days.<\/div><div dir=\"auto\">Applications will be treated confidentially and the list of beneficiaries will not be published.<\/div>\t\t\t\t\t\t\t\t<\/div>\n\t\t\t\t<\/div>\n\t\t\t\t<div class=\"elementor-element elementor-element-c56ec5a elementor-align-center elementor-widget elementor-widget-button\" data-id=\"c56ec5a\" data-element_type=\"widget\" data-e-type=\"widget\" data-widget_type=\"button.default\">\n\t\t\t\t<div class=\"elementor-widget-container\">\n\t\t\t\t\t\t\t\t\t<div class=\"elementor-button-wrapper\">\n\t\t\t\t\t<a class=\"elementor-button elementor-button-link elementor-size-sm\" href=\"https:\/\/forms.gle\/aCxNRwPkhmBQXJkt9\" target=\"_blank\">\n\t\t\t\t\t\t<span class=\"elementor-button-content-wrapper\">\n\t\t\t\t\t\t\t\t\t<span class=\"elementor-button-text\">APPLY<\/span>\n\t\t\t\t\t<\/span>\n\t\t\t\t\t<\/a>\n\t\t\t\t<\/div>\n\t\t\t\t\t\t\t\t<\/div>\n\t\t\t\t<\/div>\n\t\t\t\t\t<\/div>\n\t\t\t\t<\/div>\n\t\t\t\t<\/div>","protected":false},"excerpt":{"rendered":"<p>Szoci\u00e1lis p\u00e1ly\u00e1zat \u2022 HOGY EGY NY\u00c1R SE TELJEN EL ZAJ N\u00c9LK\u00dcL! Id\u00e9n is meghirdetj\u00fck a szoci\u00e1lis p\u00e1ly\u00e1zatunkat, amellyel a zajos k\u00f6z\u00f6ss\u00e9g minden olyan tagj\u00e1t szeretn\u00e9nk t\u00e1mogatni, aki id\u00e9n p\u00e9nz\u00fcgyi megfontol\u00e1sb\u00f3l k\u00e9nyszer\u00fclne otthonmarad\u00e1sra. Jelentkez\u00e9si hat\u00e1rid\u0151: 2025.07.20. 20:00\u00a0A bek\u00fcld\u00f6tt anyagokat folyamatosan, n\u00e9h\u00e1ny napon bel\u00fcl elb\u00edr\u00e1ljuk.A jelentkez\u00e9seket bizalmasan kezelj\u00fck, nem hozzuk nyilv\u00e1noss\u00e1gra a t\u00e1mogatottak list\u00e1j\u00e1t. JELENTKEZEM A P\u00c1LY\u00c1ZATRA<\/p>","protected":false},"author":1,"featured_media":0,"parent":0,"menu_order":0,"comment_status":"closed","ping_status":"closed","template":"elementor_canvas","meta":{"_et_pb_use_builder":"","_et_pb_old_content":"","_et_gb_content_width":"","footnotes":""},"class_list":["post-864","page","type-page","status-publish","hentry"],"_links":{"self":[{"href":"https:\/\/www.feketezaj.hu\/en\/wp-json\/wp\/v2\/pages\/864","targetHints":{"allow":["GET"]}}],"collection":[{"href":"https:\/\/www.feketezaj.hu\/en\/wp-json\/wp\/v2\/pages"}],"about":[{"href":"https:\/\/www.feketezaj.hu\/en\/wp-json\/wp\/v2\/types\/page"}],"author":[{"embeddable":true,"href":"https:\/\/www.feketezaj.hu\/en\/wp-json\/wp\/v2\/users\/1"}],"replies":[{"embeddable":true,"href":"https:\/\/www.feketezaj.hu\/en\/wp-json\/wp\/v2\/comments?post=864"}],"version-history":[{"count":53,"href":"https:\/\/www.feketezaj.hu\/en\/wp-json\/wp\/v2\/pages\/864\/revisions"}],"predecessor-version":[{"id":5267,"href":"https:\/\/www.feketezaj.hu\/en\/wp-json\/wp\/v2\/pages\/864\/revisions\/5267"}],"wp:attachment":[{"href":"https:\/\/www.feketezaj.hu\/en\/wp-json\/wp\/v2\/media?parent=864"}],"curies":[{"name":"wp","href":"https:\/\/api.w.org\/{rel}","templated":true}]}}

• 2026 SZOCIÁLIS TÁMOGATÁS

<p>Szociális pályázat • HOGY EGY NYÁR SE TELJEN EL ZAJ NÉLKÜL! Idén is meghirdetjük a szociális pályázatunkat, amellyel a zajos közösség minden olyan tagját szeretnénk támogatni, aki idén pénzügyi megfontolásból kényszerülne otthonmaradásra. Jelentkezési határidő: 2025.07.20. 20:00 A beküldött anyagokat folyamatosan, néhány napon belül elbíráljuk.A jelentkezéseket bizalmasan kezeljük, nem hozzuk nyilvánosságra a támogatottak listáját. JELENTKEZEM A PÁLYÁZATRA</p>
